ainder when c is divided by 24.
5
Let a = 22 - -10. Let h = a - 21. Let w(u) = 21*u - 1. What is the remainder when w(1) is divided by h?
9
Let s = -12 - 4. What is the remainder when 30 is divided by (-2 + (-2 - -3))*s?
14
Let g(l) = l**2 - 6*l + 6. Let j be g(6). Suppose t = j*t - 15. Calculate the remainder when 3 is divided by t.
0
Suppose m + d = -2*m - 113, -29 = m - 4*d. Let a = 65 + m. What is the remainder when a is divided by 10?
8
Suppose -7*z - 160 = -17*z. Let r = 2 - -28. Calculate the remainder when r is divided by z.
14
Let l be ((-152)/(-12))/((-2)/(-6)). Let j = 10 - 8. Suppose j*p + l = 3*p. Calculate the remainder when p is divided by 13.
12
Suppose -m - 10 = 1. Let u = -8 - m. Suppose -p = p - 4. What is the remainder when u is divided by p?
1
Suppose -4*j + 2*t = -6, 3*t + 12 = 7*t. Let z(n) be the first derivative of -n**2 - 6*n + 3. What is the remainder when j is divided by z(-4)?
1
Let r be 0/((2 - 1)/1). Suppose r = -z - z + 66. What is the remainder when z is divided by 0 + (-3 - -2) - -18?
16
Suppose -d - d - 4 = 0. Let t = d + 5. Calculate the remainder when 21 is divided by (-14)/t*72/(-28).
9
Suppose -h + 33 = -0*h. Let w(j) = j**3 - j**2 + j - 4. Calculate the remainder when h is divided by w(3).
16
Let h = 14 - -29. Calculate the remainder when h is divided by 22.
21
What is the remainder when 12 is divided by 0 - (4 + -2 + 30/(-5))?
0
Suppose 5*u - 300 - 60 = 0. What is the remainder when u is divided by 20?
12
Let n be (1 + 0)*-2*1. Let m(f) = 2*f + 2. Let q be m(n). What is the remainder when 8 is divided by (-9)/(-3)*(q + 3)?
2
Let l(w) = w - 3. Let t be l(11). Calculate the remainder when 4/t + 59/2 is divided by 8.
6
Let a(p) = -p + 3. Let k = 16 - 19. Calculate the remainder when a(k) is divided by 4.
2
Let o = 5 - 5. Suppose -h + 0*h + 28 = 3*l, -2*h - 5*l + 59 = o. Suppose 7*t - 26 = 5*t. Calculate the remainder when h is divided by t.
11
What is the remainder when 0*(-3)/(-6) + 70 is divided by 24?
22
Let t(w) = w + 5. Let m be t(-5). Suppose u - 23 = -m*u. Let s = 131 - 123. What is the remainder when u is divided by s?
7
Let n(l) = 5*l - 3. Suppose 21 = 4*c - 27. Calculate the remainder when n(5) is divided by c.
10
Suppose -4*r + 51 = 5*a, 3*r - a - 46 = 3*a. Calculate the remainder when r is divided by 3.
2
Suppose -5*t = 5*c - 95, c - 2*t + 6*t - 7 = 0. Calculate the remainder when c is divided by (-152)/(-12) - (-2)/(-3).
11
Suppose -5*x + 5 = 0, 4*i - 559 = 2*x - x. Let r = i - 93. Calculate the remainder when r is divided by 12.
11
Suppose -195 = q - 6*q. Let p(a) = 4*a. Calculate the remainder when q is divided by p(5).
19
Let z(r) = -r**3 - 4*r**2 - 5*r. Calculate the remainder when 57 is divided by z(-4).
17
Suppose -g + 4 = 0, 4*t = -t + 5*g + 30. Suppose 3*j = 3*f - 2*j - 69, -3*j = -5*f + 131. What is the remainder when f is divided by t?
8
Let f = 44 - -21. Let v(y) = -8*y - 8. Let i be v(-6). Let u = -18 + i. What is the remainder when f is divided by u?
21
Suppose 2*z - 18 - 36 = 0. Calculate the remainder when 79 is divided by z.
25
Suppose -2*f + 7*f - 5*t - 10 = 0, 4*f - 16 = 2*t. Suppose b + 1 = -a + 17, 0 = 4*a + 5*b - 64. What is the remainder when a is divided by f?
4
Suppose -k + 20 = -36. Suppose -161 = -5*c - k. Let v(x) = -x**2 + 7*x + 5. What is the remainder when c is divided by v(6)?
10
Suppose 3*s = -2*q - q + 3, 3*q + 2*s - 8 = 0. Let d be 41/1 - (-4 + 4). Let a = -24 + d. What is the remainder when a is divided by q?
5
Suppose -4*c + 2 = -6. Let q(y) = 2*y**2 + 2*y - 16. Let i be q(-5). Suppose -m + i = c*m. Calculate the remainder when m is divided by 5.
3
Let q(v) = v**2 + v + 4. Calculate the remainder when 64 is divided by q(-2).
4
Let z(o) = -3*o + 7. Let x be z(-9). Suppose -3*w - 4*j = -w - x, -2*j - 48 = -4*w. What is the remainder when 37 is divided by w?
11
Suppose 5*y + 38 - 103 = 0. Let r(i) be the third derivative of i**5/60 - i**4/24 - 5*i**3/6 + 2*i**2. What is the remainder when r(-6) is divided by y?
11
Let v(g) = -g - 1. Let y be v(-3). Suppose -3*z - 5*b = -89, -z - y*b + 31 = -0*z. Calculate the remainder when 89 is divided by z.
20
Suppose 2*l + l - 5*r = -435, -712 = 5*l - 4*r. What is the remainder when 138 is divided by (l/8)/(1/(-2))?
33
Let j(s) = 16*s + 1. Calculate the remainder when 63 is divided by j(1).
12
Let m(k) = k**3 + 1. Let s(n) = 2*n**3 + 4*n**2 + 2*n. Let f(l) = -m(l) + s(l). Calculate the remainder when 8 is divided by f(-2).
2
Suppose 61 = 4*q - 3*u - 6, -q - 7 = 4*u. Calculate the remainder when q is divided by 5.
3
Suppose 0 = -2*h + 6*h - 3*l - 14, -3*h + l + 8 = 0. Suppose 5*u - m - 8 = 0, 3*u - 4*u + 5*m - 8 = 0. Calculate the remainder when u is divided by h.
0
Suppose -w - 4*w = -5, 5 = 3*d + 2*w. Suppose -v + 15 - d = 0. Suppose 6 = k - 4*l, 5*k - 7*k = -2*l - 42. Calculate the remainder when k is divided by v.
12
Let x = -183 - -193. Let b = 18 + 10. What is the remainder when b is divided by x?
8
Let a(x) = -6*x - 1. Suppose 12 = -4*g + g. Let n = g + 1. What is the remainder when a(n) is divided by 9?
8
Let o be (0 - 2)*(-9)/6. Let l(v) = 4*v + 3. What is the remainder when l(o) is divided by 4?
3
Let k = 16 - 2. What is the remainder when 53 is divided by k?
11
Suppose -3*y + 110 = -1. Calculate the remainder when y is divided by 2/(-7) + 72/7.
7
Let z = -18 - -28. What is the remainder when 27 is divided by z?
7
Let q(o) = 8*o - 2. Calculate the remainder when 27 is divided by q(2).
13
Let l(i) = -4*i**3 - 3*i**2 - 4*i - 5. What is the remainder when l(-2) is divided by 6?
5
Suppose -l + 25 = -0*l. What is the remainder when 117 is divided by l?
17
Let z = 7 - 0. Let k(d) = -d + 0*d - 2 + 22. Calculate the remainder when k(0) is divided by z.
6
Suppose 0 = 6*o + 3 - 39. Calculate the remainder when o is divided by 3.
0
Suppose 3*i - 5 = 34. What is the remainder when 21 is divided by i?
8
Calculate the remainder when (150 + 1)*1 - -1 is divided by 51.
50
Suppose 41 = 5*a + 6. Calculate the remainder when a is divided by 2.
1
Suppose -3*f - 24 - 3 = j, 5*j = -2*f - 187. Let m = 64 + j. Calculate the remainder when m is divided by 13.
12
Calculate the remainder when 14 is divided by 159/15 + 4/10.
3
Let s = 30 + -42. What is the remainder when s/(1 + 3) + 10 is divided by 5?
2
Let u = -39 - -70. What is the remainder when u is divided by 8?
7
Suppose -5*c + 82 = -508. Calculate the remainder when c is divided by 40.
38
Let y(c) = -2*c**2 + 22 - 7 + c**2. Let x(w) = w**2 - 3*w + 2. Let v be x(2). Calculate the remainder when 44 is divided by y(v).
14
Let g = 12 + -8. Suppose k - g*k + 60 = 0. What is the remainder when 58 is divided by k?
18
Let y(x) = -x**3 - 13*x**2 - 13*x + 2. Calculate the remainder when y(-12) is divided by 10.
4
Let j(g) = g**3 + 5*g**2 + 3*g - 2. Let l be j(-4). Suppose 5*f = 4*f + l, 3*k = -2*f + 82. What is the remainder when k is divided by 14?
12
Let g = 123 - 20. Calculate the remainder when g is divided by 18.
13
Suppose o = -0*o + 16. What is the remainder when (2/(-4))/((-8)/736) is divided by o?
14
Suppose 9*n = 5*n + 12. Suppose n*a - 228 = -a. Suppose -5*u + 3 = -a. What is the remainder when 47 is divided by u?
11
Suppose a = 4*a - 6. Suppose 17 = 9*q - 1. Calculate the remainder when q is divided by a.
0
Calculate the remainder when (-78)/(-5) + (-3)/5 is divided by (-102)/(-12) - 2/(-4).
6
Suppose 710 = 324*i - 319*i. Calculate the remainder when i is divided by 36.
34
Suppose -3 = -3*r + 24. Calculate the remainder when r is divided by 3.
0
Let c = 16 + -9. What is the remainder when 23 is divided by c?
2
Let z = 0 - -3. Suppose -8*q + 55 = -z*q. Calculate the remainder when 42 is divided by q.
9
Let p be (5/10)/((-2)/20). Let n = 2 + p. Let g = 8 + n. Calculate the remainder when 13 is divided by g.
3
Let b = -6 - -11. Let t = 75 - b. Calculate the remainder when t is divided by 24.
22
What is the remainder when 15 is divided by 6/(-1*(-3)/4)?
7
Suppose 0 = -8*w - w + 90. Calculate the remainder when 34 is divided by w.
4
Let v = 10 - -16. Let y = 29 + -20. Calculate the remainder when v is divided by y.
8
Let p = -25 + 11. Calculate the remainder when 13 is divided by (12/(-14))/(3/p).
1
Let x(b) = -b**2 - 17*b - 4. Let l(f) = f + 25. What is the remainder when x(-13) is